{"id":2732,"date":"2018-06-16T17:33:04","date_gmt":"2018-06-16T17:33:04","guid":{"rendered":"https:\/\/myhometheme.net\/market\/?page_id=2732"},"modified":"2025-10-13T10:54:41","modified_gmt":"2025-10-13T10:54:41","slug":"quanto-vale-o-seu-imovel","status":"publish","type":"page","link":"https:\/\/smashline.eu\/agenteimobiliario\/quanto-vale-o-seu-imovel\/","title":{"rendered":"Quanto vale o seu im\u00f3vel?"},"content":{"rendered":"<div class=\"wpb-content-wrapper\"><p>[vc_row][vc_column][\/vc_column][\/vc_row][vc_row][vc_column width=&#8221;1\/6&#8243;][\/vc_column][vc_column width=&#8221;4\/6&#8243;][vc_column_text css=&#8221;&#8221;]<\/p>\n<div style=\"font-size: 21px;\">Saiba quanto vale o seu im\u00f3vel! Entraremos em contacto consigo em 24 horas.<\/div>\n<p>[\/vc_column_text]\n<div class=\"wpcf7 no-js\" id=\"wpcf7-f2694-o1\" lang=\"pl-PL\" dir=\"ltr\" data-wpcf7-id=\"2694\">\n<div class=\"screen-reader-response\"><p role=\"status\" aria-live=\"polite\" aria-atomic=\"true\"><\/p> <ul><\/ul><\/div>\n<form action=\"\/agenteimobiliario\/wp-json\/wp\/v2\/pages\/2732#wpcf7-f2694-o1\" method=\"post\" class=\"wpcf7-form init\" aria-label=\"Formul\u00e1rio de contacto\" novalidate=\"novalidate\" data-status=\"init\">\n<fieldset class=\"hidden-fields-container\"><input type=\"hidden\" name=\"_wpcf7\" value=\"2694\" \/><input type=\"hidden\" name=\"_wpcf7_version\" value=\"6.1.2\" \/><input type=\"hidden\" name=\"_wpcf7_locale\" value=\"pl_PL\" \/><input type=\"hidden\" name=\"_wpcf7_unit_tag\" value=\"wpcf7-f2694-o1\" \/><input type=\"hidden\" name=\"_wpcf7_container_post\" value=\"0\" \/><input type=\"hidden\" name=\"_wpcf7_posted_data_hash\" value=\"\" \/>\n<\/fieldset>\n<div class=\"mh-contact-form-style-2\">\n\t<p><label>Morada<\/label><span class=\"wpcf7-form-control-wrap\" data-name=\"address\"><input size=\"40\" maxlength=\"400\" class=\"wpcf7-form-control wpcf7-text\" aria-invalid=\"false\" value=\"\" type=\"text\" name=\"address\" \/><\/span>\n\t<\/p>\n\t<p><label>Cidade<\/label><span class=\"wpcf7-form-control-wrap\" data-name=\"city\"><input size=\"40\" maxlength=\"400\" class=\"wpcf7-form-control wpcf7-text\" aria-invalid=\"false\" value=\"\" type=\"text\" name=\"city\" \/><\/span>\n\t<\/p>\n\t<p><label>Concelho<\/label><span class=\"wpcf7-form-control-wrap\" data-name=\"state\"><input size=\"40\" maxlength=\"400\" class=\"wpcf7-form-control wpcf7-text\" aria-invalid=\"false\" value=\"\" type=\"text\" name=\"state\" \/><\/span>\n\t<\/p>\n\t<p><label>C\u00f3digo postal<\/label><span class=\"wpcf7-form-control-wrap\" data-name=\"zipcode\"><input size=\"40\" maxlength=\"400\" class=\"wpcf7-form-control wpcf7-text\" aria-invalid=\"false\" value=\"\" type=\"text\" name=\"zipcode\" \/><\/span>\n\t<\/p>\n\t<p><label>Tipo de im\u00f3vel<\/label><span class=\"wpcf7-form-control-wrap\" data-name=\"menu-8\"><select class=\"wpcf7-form-control wpcf7-select wpcf7-validates-as-required\" aria-required=\"true\" aria-invalid=\"false\" name=\"menu-8\"><option value=\"Apartmento\">Apartmento<\/option><option value=\"Casa ou Moradia\">Casa ou Moradia<\/option><option value=\"Escrit\u00f3rio\">Escrit\u00f3rio<\/option><\/select><\/span>\n\t<\/p>\n\t<p><label>Condi\u00e7\u00e3o da im\u00f3vel<\/label><span class=\"wpcf7-form-control-wrap\" data-name=\"radio-160\"><span class=\"wpcf7-form-control wpcf7-radio\"><span class=\"wpcf7-list-item first\"><input type=\"radio\" name=\"radio-160\" value=\"Bom\" \/><span class=\"wpcf7-list-item-label\">Bom<\/span><\/span><span class=\"wpcf7-list-item\"><input type=\"radio\" name=\"radio-160\" value=\"Excelente\" \/><span class=\"wpcf7-list-item-label\">Excelente<\/span><\/span><span class=\"wpcf7-list-item\"><input type=\"radio\" name=\"radio-160\" value=\"Razo\u00e1vel\" \/><span class=\"wpcf7-list-item-label\">Razo\u00e1vel<\/span><\/span><span class=\"wpcf7-list-item\"><input type=\"radio\" name=\"radio-160\" value=\"Precisa de melhorias\" \/><span class=\"wpcf7-list-item-label\">Precisa de melhorias<\/span><\/span><span class=\"wpcf7-list-item last\"><input type=\"radio\" name=\"radio-160\" value=\"Mau\" \/><span class=\"wpcf7-list-item-label\">Mau<\/span><\/span><\/span><\/span>\n\t<\/p>\n\t<p><label>Quartos<\/label><span class=\"wpcf7-form-control-wrap\" data-name=\"radio-161\"><span class=\"wpcf7-form-control wpcf7-radio\"><span class=\"wpcf7-list-item first\"><input type=\"radio\" name=\"radio-161\" value=\"1\" checked=\"checked\" \/><span class=\"wpcf7-list-item-label\">1<\/span><\/span><span class=\"wpcf7-list-item\"><input type=\"radio\" name=\"radio-161\" value=\"2\" \/><span class=\"wpcf7-list-item-label\">2<\/span><\/span><span class=\"wpcf7-list-item\"><input type=\"radio\" name=\"radio-161\" value=\"3\" \/><span class=\"wpcf7-list-item-label\">3<\/span><\/span><span class=\"wpcf7-list-item\"><input type=\"radio\" name=\"radio-161\" value=\"4\" \/><span class=\"wpcf7-list-item-label\">4<\/span><\/span><span class=\"wpcf7-list-item last\"><input type=\"radio\" name=\"radio-161\" value=\"5+\" \/><span class=\"wpcf7-list-item-label\">5+<\/span><\/span><\/span><\/span>\n\t<\/p>\n\t<p><label>Casas de banho<\/label><span class=\"wpcf7-form-control-wrap\" data-name=\"radio-162\"><span class=\"wpcf7-form-control wpcf7-radio\"><span class=\"wpcf7-list-item first\"><input type=\"radio\" name=\"radio-162\" value=\"1\" checked=\"checked\" \/><span class=\"wpcf7-list-item-label\">1<\/span><\/span><span class=\"wpcf7-list-item\"><input type=\"radio\" name=\"radio-162\" value=\"2\" \/><span class=\"wpcf7-list-item-label\">2<\/span><\/span><span class=\"wpcf7-list-item\"><input type=\"radio\" name=\"radio-162\" value=\"3\" \/><span class=\"wpcf7-list-item-label\">3<\/span><\/span><span class=\"wpcf7-list-item\"><input type=\"radio\" name=\"radio-162\" value=\"4\" \/><span class=\"wpcf7-list-item-label\">4<\/span><\/span><span class=\"wpcf7-list-item last\"><input type=\"radio\" name=\"radio-162\" value=\"5+\" \/><span class=\"wpcf7-list-item-label\">5+<\/span><\/span><\/span><\/span>\n\t<\/p>\n\t<p><label>Quartos adicionais\/features<\/label><span class=\"wpcf7-form-control-wrap\" data-name=\"textarea-67\"><textarea cols=\"40\" rows=\"10\" maxlength=\"2000\" class=\"wpcf7-form-control wpcf7-textarea\" aria-invalid=\"false\" placeholder=\"Liste as divis\u00f5es adicionais e descreva quaisquer caracter\u00edsticas especiais e melhorias recentes. Por exemplo: cozinha nova, propriedade perto de um parque, etc.\" name=\"textarea-67\"><\/textarea><\/span>\n\t<\/p>\n\t<p><label>Tamanho aproximado (metros quadrados)<\/label><span class=\"wpcf7-form-control-wrap\" data-name=\"approx-size\"><input size=\"40\" maxlength=\"400\" class=\"wpcf7-form-control wpcf7-text\" aria-invalid=\"false\" value=\"\" type=\"text\" name=\"approx-size\" \/><\/span>\n\t<\/p>\n\t<p><label>Idade aproximada da cozinha (anos)<\/label><span class=\"wpcf7-form-control-wrap\" data-name=\"approx-agekitchen\"><input size=\"40\" maxlength=\"400\" class=\"wpcf7-form-control wpcf7-text\" aria-invalid=\"false\" value=\"\" type=\"text\" name=\"approx-agekitchen\" \/><\/span>\n\t<\/p>\n\t<p><label>Idade aproximada dos banhos (anos)<\/label><span class=\"wpcf7-form-control-wrap\" data-name=\"approx-agebaths\"><input size=\"40\" maxlength=\"400\" class=\"wpcf7-form-control wpcf7-text\" aria-invalid=\"false\" value=\"\" type=\"text\" name=\"approx-agebaths\" \/><\/span>\n\t<\/p>\n\t<h2>Informa\u00e7\u00f5es pessoais\n\t<\/h2>\n\t<p><label>Nome*<\/label><span class=\"wpcf7-form-control-wrap\" data-name=\"your-name\"><input size=\"40\" maxlength=\"400\" class=\"wpcf7-form-control wpcf7-text wpcf7-validates-as-required\" aria-required=\"true\" aria-invalid=\"false\" value=\"\" type=\"text\" name=\"your-name\" \/><\/span>\n\t<\/p>\n\t<p><label>Email* (Obrigat\u00f3rio)<\/label><span class=\"wpcf7-form-control-wrap\" data-name=\"your-email\"><input size=\"40\" maxlength=\"400\" class=\"wpcf7-form-control wpcf7-email wpcf7-validates-as-required wpcf7-text wpcf7-validates-as-email\" aria-required=\"true\" aria-invalid=\"false\" value=\"\" type=\"email\" name=\"your-email\" \/><\/span>\n\t<\/p>\n\t<p><label>Telem\u00f3vel* (Obrigat\u00f3rio)<\/label><span class=\"wpcf7-form-control-wrap\" data-name=\"tel-230\"><input size=\"40\" maxlength=\"400\" class=\"wpcf7-form-control wpcf7-tel wpcf7-validates-as-required wpcf7-text wpcf7-validates-as-tel\" aria-required=\"true\" aria-invalid=\"false\" value=\"\" type=\"tel\" name=\"tel-230\" \/><\/span>\n\t<\/p>\n\t<p><label>Selecione um servi\u00e7o* (Obrigat\u00f3rio)<\/label><span class=\"wpcf7-form-control-wrap\" data-name=\"radio-761\"><span class=\"wpcf7-form-control wpcf7-radio\"><span class=\"wpcf7-list-item first\"><input type=\"radio\" name=\"radio-761\" value=\"Venda\" checked=\"checked\" \/><span class=\"wpcf7-list-item-label\">Venda<\/span><\/span><span class=\"wpcf7-list-item\"><input type=\"radio\" name=\"radio-761\" value=\"Arrendamento\" \/><span class=\"wpcf7-list-item-label\">Arrendamento<\/span><\/span><span class=\"wpcf7-list-item last\"><input type=\"radio\" name=\"radio-761\" value=\"Qualquer\" \/><span class=\"wpcf7-list-item-label\">Qualquer<\/span><\/span><\/span><\/span>\n\t<\/p>\n\t<p><label>Assunto<\/label><span class=\"wpcf7-form-control-wrap\" data-name=\"your-subject\"><input size=\"40\" maxlength=\"400\" class=\"wpcf7-form-control wpcf7-text\" aria-invalid=\"false\" value=\"\" type=\"text\" name=\"your-subject\" \/><\/span>\n\t<\/p>\n\t<p><label>Mensagem<\/label><span class=\"wpcf7-form-control-wrap\" data-name=\"your-message\"><textarea cols=\"40\" rows=\"10\" maxlength=\"2000\" class=\"wpcf7-form-control wpcf7-textarea\" aria-invalid=\"false\" name=\"your-message\"><\/textarea><\/span>\n\t<\/p>\n\t<p><input class=\"wpcf7-form-control wpcf7-submit has-spinner\" type=\"submit\" value=\"Enviar Pedido\" \/>\n\t<\/p>\n<\/div><div class=\"wpcf7-response-output\" aria-hidden=\"true\"><\/div>\n<\/form>\n<\/div>\n[\/vc_column][vc_column width=&#8221;1\/6&#8243;][\/vc_column][\/vc_row]<\/p>\n<\/div>","protected":false},"excerpt":{"rendered":"<p>[vc_row][vc_column][\/vc_column][\/vc_row][vc_row][vc_column width=&#8221;1\/6&#8243;][\/vc_column][vc_column width=&#8221;4\/6&#8243;][vc_column_text css=&#8221;&#8221;] Saiba quanto vale o seu im\u00f3vel! Entraremos em contacto consigo em 24 horas. [\/vc_column_text][\/vc_column][vc_column width=&#8221;1\/6&#8243;][\/vc_column][\/vc_row]<\/p>\n","protected":false},"author":1,"featured_media":0,"parent":0,"menu_order":0,"comment_status":"closed","ping_status":"closed","template":"page_full-width-with-top-title.php","meta":{"_acf_changed":false,"footnotes":""},"class_list":["post-2732","page","type-page","status-publish","hentry"],"acf":[],"_hostinger_reach_plugin_has_subscription_block":false,"_hostinger_reach_plugin_is_elementor":false,"jetpack_sharing_enabled":true,"_links":{"self":[{"href":"https:\/\/smashline.eu\/agenteimobiliario\/wp-json\/wp\/v2\/pages\/2732","targetHints":{"allow":["GET"]}}],"collection":[{"href":"https:\/\/smashline.eu\/agenteimobiliario\/wp-json\/wp\/v2\/pages"}],"about":[{"href":"https:\/\/smashline.eu\/agenteimobiliario\/wp-json\/wp\/v2\/types\/page"}],"author":[{"embeddable":true,"href":"https:\/\/smashline.eu\/agenteimobiliario\/wp-json\/wp\/v2\/users\/1"}],"replies":[{"embeddable":true,"href":"https:\/\/smashline.eu\/agenteimobiliario\/wp-json\/wp\/v2\/comments?post=2732"}],"version-history":[{"count":3,"href":"https:\/\/smashline.eu\/agenteimobiliario\/wp-json\/wp\/v2\/pages\/2732\/revisions"}],"predecessor-version":[{"id":3584,"href":"https:\/\/smashline.eu\/agenteimobiliario\/wp-json\/wp\/v2\/pages\/2732\/revisions\/3584"}],"wp:attachment":[{"href":"https:\/\/smashline.eu\/agenteimobiliario\/wp-json\/wp\/v2\/media?parent=2732"}],"curies":[{"name":"wp","href":"https:\/\/api.w.org\/{rel}","templated":true}]}}